ve b(j).
1
Let a(v) = 2*v**3 + 2*v + 3. Let q be a(-2). Let u = q + 12. Let b(i) be the third derivative of i**4/24 - i**3/6 - 2*i**2. Determine b(u).
-6
Let l(r) = -r**3 - 3*r**2 + 3*r. Let v(o) = o**2 - 7*o - 6. Let i be v(8). Calculate l(i).
-14
Let a(t) = -t**2 - 7*t - 3. Let f be (6/(-4))/((-18)/60). Let o = -9 + f. Determine a(o).
9
Let u(x) be the second derivative of -13*x**3/6 + x**2 + 15*x. Calculate u(2).
-24
Let t(k) = -9*k**2 - 21*k - 3. Let o(r) = -5*r**2 - 11*r - 1. Let a(p) = -7*o(p) + 4*t(p). Calculate a(-4).
7
Let k(f) = -2*f - 6. Let q(j) = -8*j**2 - 2*j - 1. Let l be q(-1). Let a be (-7)/(l/2) - 7. Calculate k(a).
4
Suppose 0 = 5*d - 0*d - 45. Suppose 3*i = -0*i - d. Let x(m) = m + 1. Let l(v) = 2*v + 3. Let f(g) = i*x(g) + l(g). Give f(-6).
6
Let v(t) = t. Suppose 0*d = -2*d - 2. Suppose -4*q + 77 = 5. Let r be (q/15)/(d/5). Calculate v(r).
-6
Let d(b) = b**2 + b - 1. Suppose -5*v = 5 + 10. Calculate d(v).
5
Let h(o) = -3*o + 9 + 4*o**3 + o**2 + 0*o**2 + 4*o - 3*o**3. What is h(0)?
9
Let i(c) be the third derivative of -c**4/12 - c**3 + 2*c**2 + 10*c. Calculate i(-8).
10
Let x(k) = 7*k + 2 + 3*k**2 + 8*k**3 - 2*k + 2. Let u(f) = -23*f**3 - 8*f**2 - 14*f - 11. Let p(g) = -4*u(g) - 11*x(g). Give p(1).
4
Let x(s) = -s**3 + 1. Let m(t) = -t**2 - 7*t + 11. Let h be m(-8). Let i(n) = -2*n**3 - n**2 + n - 5. Let b(z) = h*x(z) - i(z). Determine b(0).
8
Let r(b) = 6 + 0 + b - 1. Give r(0).
5
Suppose -w + 5*w - 104 = 0. Let s = -36 + w. Let o = -14 - s. Let a(c) = c. Give a(o).
-4
Let v(q) = -q**3 - 2*q**2 - 2*q. Let a be v(-2). Let b(s) = 2*s**3 + 0 + s**3 - 3 - a*s**2 + 4*s - 2*s**3. What is b(3)?
0
Let j(b) = -b. Let a be j(-3). Suppose 2 + 13 = -a*n. Let v(r) = 3*r**2 - 10*r + 1. Let l(q) = -2*q**2 + 9*q. Let t(y) = 4*l(y) + 3*v(y). Determine t(n).
-2
Suppose w + 0*w - 6 = 0. Let f(h) be the second derivative of -h**4/12 + h**3 + 3*h**2/2 + 3*h. Calculate f(w).
3
Let b be ((-24)/(-20))/(4/(-10)). Let r(i) = -9*i**2 - 4*i - 1. Let z(a) = -8*a**2 - 3*a - 1. Let j(s) = b*z(s) + 2*r(s). What is j(-1)?
6
Let z(u) = 7*u**3 + 6*u**2 - 7*u - 7. Let f(a) = 4*a**3 + 3*a**2 - 3*a - 3. Let l(w) = 5*f(w) - 3*z(w). What is l(-4)?
-2
Let i(f) = -f**2 + 7*f - 4. Let t be i(6). Let d(c) = -2*c - 3 + t*c - c. Suppose 4*x - 4*r + 28 = 0, 2*r = -2*x - 0*x + 2. Determine d(x).
0
Let b(d) = 2*d**2 - 5*d + 2. Let z be b(3). Let t(m) be the third derivative of m**6/120 - m**5/15 - 5*m**4/24 + m**3/6 + 5*m**2. What is t(z)?
1
Let u(w) = -4*w**3 + 9*w**2 + 3*w + 9. Let f(t) = -5*t**3 + 10*t**2 + 3*t + 10. Let g(x) = 5*f(x) - 6*u(x). Give g(-3).
-4
Let s(q) = q**2 - 6*q + 1. Suppose -3*b + 5*g - 3 = 0, -b - 2*g - 1 = -0*b. Let u = -9 - b. Let v(a) = -a**2 - 8*a + 4. Let c be v(u). Calculate s(c).
-7
Let l(t) = t. Suppose -5*q + 19 + 8 = -3*j, 18 = 2*q - 3*j. What is l(q)?
3
Let i(y) = 3*y + 3. Let j = 11 - 9. Suppose -3 = -j*a + 3*p, 5*p + 3 = 4*p. What is i(a)?
-6
Let v(n) = -2*n**2 - 4*n + 2. Suppose 0*x = -2*x, -4*x = -5*p - 20. Calculate v(p).
-14
Let i(q) = 8*q. Let w be i(1). Suppose 0 = o - 0*x - 4*x + w, 4*o + 32 = 4*x. Let f(j) = -j**3 - 9*j**2 - 8*j - 6. Calculate f(o).
-6
Suppose 2*h - 3 = -1. Suppose 3*y + h = -j, -j = -5*y + 4*y + 5. Let g(c) = 3*c - y + 3 - c**3 + c**2 - 1. Calculate g(3).
-8
Let y(h) = -h + 3. Let p be y(0). Let j(d) be the first derivative of d**3/3 - 5*d**2/2 + 1. Calculate j(p).
-6
Let x(s) = -s + 5. Let y be x(6). Let m(i) = 4*i - 1. What is m(y)?
-5
Let z = 4 - 4. Let s(k) = k + 4. Determine s(z).
4
Let h(w) = w - 1. Let i(f) = -f + 10. Suppose 6 = -3*k + 5*k. Let d(g) = k*h(g) + i(g). Determine d(-5).
-3
Let m(n) = n**3 + n**2 - n - 6. Let q be 1 + (6 - 3) + 0. Suppose -q = 3*u + 2*v, 1 = 5*u + 2*v + 5. What is m(u)?
-6
Let k be 3 + 0/3 + -9. Let i(q) = q. What is i(k)?
-6
Suppose 3*u + 11 = 38. Suppose 0 = -5*o - 26 - 39. Let g = u + o. Let w(y) = y**3 + 5*y**2 + 6*y + 4. Determine w(g).
-4
Suppose 7*q = 4*q + 12. Let k(g) = -3*g**2 - 4 + 2*g + g + g**3 - 6*g. Give k(q).
0
Suppose 2*v - 8 = -0*v. Let w = v - 3. Let t(y) = -13*y - 1. What is t(w)?
-14
Let n(v) = -v - 9. Suppose 0*j + 2 = j. Let g be j/6 + 1/(-3). Suppose g*a = a. Determine n(a).
-9
Let g(n) = 3*n + 2. Suppose -10 = -2*w - 2. Suppose 4*a - 12 = w*h, -4*a - a = -25. Suppose -m - 7 = -5*i, 4*i - h = -m - 0. Calculate g(m).
-4
Let o(f) = -5*f - 60. Let l be o(-11). Let j(w) = w**2 + 3*w - 5. Give j(l).
5
Let c(n) be the first derivative of -n**3/3 + 4*n**2 - 5*n + 39. Give c(4).
11
Suppose 0 + 16 = 4*o. Let m = -9 + 13. Let z(v) = o + 3 - 2*v - m. What is z(4)?
-5
Let z(b) = 9*b - 4. Let o(k) = -5*k**2 + k - 1. Let u be o(1). Let t(l) = -6*l + 3. Let m(v) = u*z(v) - 7*t(v). What is m(-3)?
8
Let n(h) = h**2 - 2. Let q be 2/7 + 2/(-7). Suppose -a - 4*k = -12 - q, -3*k + 9 = 3*a. Give n(a).
-2
Let m(x) be the third derivative of -x**4/24 - x**3 - x**2. Determine m(0).
-6
Suppose u = -0 + 3. Let b(x) = -x + 2. What is b(u)?
-1
Let y = 25 + -21. Let t(s) = 5*s - y*s**3 - 5*s + 2*s**2 + 6*s**3 - s. Calculate t(-2).
-6
Suppose 3*y = 2*m + 14, 2*y = -6*m + 2*m + 4. Let d be (2 - (-1 - -2)) + -1. Let s be d + m + 4 + -1. Let o(p) = p**3 - p - 2. Give o(s).
4
Let o = 8 + -6. Let v(t) = 0*t**2 + 1 + 10*t**3 - 2*t**2 + o*t**2. Determine v(1).
11
Suppose 4*r - 3*t - 32 = 0, 5*r - 24 = 2*r - 3*t. Suppose 0 = -r*f + 3*f + 15. Let u(d) be the second derivative of d**3/6 - d**2 + d. Give u(f).
1
Let v(q) = 2*q + 2. Let a be v(2). Let j(w) = -2*w**2 + 12*w - 16. Let h(x) = -x**2 + 6*x - 8. Let f(k) = -13*h(k) + 6*j(k). Determine f(a).
8
Suppose -z = 4*n + 22, -2*z + 2*n = 2*z + 16. Let r(g) = g**3 + 5*g**2 - 5*g + 1. Determine r(z).
-5
Let x be 2 + 0 - (1 - 5). Let f(l) = -l + 6. Calculate f(x).
0
Let v(m) be the second derivative of -m**5/20 + m**4/2 - 5*m**3/6 - 3*m**2 - 10*m. Calculate v(5).
-6
Let j(x) = x**3 + 14*x**2 - 2*x - 23. Let t be j(-14). Let l(r) = -r**2 + 3*r + 1. Calculate l(t).
-9
Let i(k) = -3 - k**2 + 7*k + 0*k - 3*k. Let q = 147 + -145. Calculate i(q).
1
Suppose -3 - 3 = -5*p - 4*c, -c - 1 = 0. Let q(h) = 0*h**3 - 7*h**2 + 6*h + 8 + p*h**3 + 0*h - h**3. Let u be 9/(-2)*12/(-9). What is q(u)?
8
Let r(l) = 1 - 1 + 0*l - l + 7. What is r(4)?
3
Let a(m) be the second derivative of m**3/6 + m**2/2 + 12*m. Calculate a(-2).
-1
Let l(p) = -5*p**3 - 7*p**2 + 12*p + 3. Let t(x) = 2*x**3 + 4*x**2 - 6*x - 1. Let w(a) = 3*l(a) + 7*t(a). Determine w(6).
2
Let t(k) = 10*k**2 - k - 1. Let v(n) = 20*n**2 - 2*n - 2. Let d(a) = -9*t(a) + 4*v(a). Give d(-1).
-10
Let l = -4 + 13. Let i(u) = 3*u**2 - 3*u - 1. Let z(o) = -13*o**2 + 13*o + 5. Let s(p) = l*i(p) + 2*z(p). What is s(2)?
3
Suppose -4*d - 4*v = -2*v + 4, -8 = -4*d + 4*v. Let n be (d - 0)*(-3)/6. Let f(r) be the second derivative of -r**4/12 + r**3/6 - r**2 + 6*r. Determine f(n).
-2
Let c(h) = 18 - 4*h - 42 + 22 + h. What is c(-3)?
7
Let u(q) be the first derivative of q**3/3 + 2*q**2 - q + 2. What is u(-5)?
4
Let c(x) be the third derivative of -1/6*x**3 + x**2 + 0 - 1/24*x**4 - 1/120*x**6 - 1/20*x**5 + 0*x. Suppose 0 = l - 2*i + 16 - 5, -3*i + 9 = l. Calculate c(l).
2
Let h(j) = j + 14. Let c be h(-12). Suppose 4 - 14 = -c*f. Let p(g) = g - 8. Calculate p(f).
-3
Suppose -3*b + 2*v = -0*b + 10, -4*b = 3*v + 2. Let h(f) = -f. Calculate h(b).
2
Let m(n) be the third derivative of -n**5/60 - n**4/4 + n**3/3 - 11*n**2. Give m(-5).
7
Let r = 2 - 5. Let l = 5 + r. Let g(a) = 5 - l + 0*a**2 - a**2 + a - a**3. What is g(0)?
3
Suppose 0 = -y - 4*y + o + 39, -o + 24 = 4*y. Let s = -17 + y. Let m = s + 8. Let l(j) = j**2 + 2*j - 1. Determine l(m).
-1
Let a(d) be the second derivative of 3*d**4/4 - d**3/3 + d**2/2 - d. Suppose -62 = 5*k + 68. Let u = 27 + k. Calculate a(u).
8
Let h be (-10)/(-85) + 53/(-17). Let k(q) = q - 1. Give k(h).
-4
Let t(o) = 7*o**2 - 2*o + 4. Let k(p) be the third derivative of p**4/24 - p**3/6 - 9*p**2. Let c(a) = 3*k(a) + t(a). What is c(-1)?
7
Let b(h) be the first derivative of -h**4/4 + 4*h**3/3 + 2*h**2 + 4*h + 17. What is b(5)?
-1
Let k(n) be the third derivative of -n**6/120 + n**5/10 - n**4/6 - n**3 - n**2. Let i = 47 - 26. Suppose 4*c + 1 = i. Determine k(c).
-1
Let s(b) = b**3 + 2*b**2 - b. Let n be s(-2). Let v(g) be the first derivative of -g + 1/2*g**n + 3. Give v(-2).
-3
Let b(d) =